oes 77 divide 11150131?
False
Is 10444070 a multiple of 13?
True
Is 37 a factor of 3327633?
False
Is 1793585838 a multiple of 22?
True
Is 451277548 a multiple of 502?
False
Is 2626 a factor of 51445966?
True
Is 64 a factor of 5553748?
False
Is 3 a factor of 596823?
True
Is 2722 a factor of 1831488258?
False
Is 93 a factor of 21489696?
True
Does 6451 divide 89559233?
True
Does 13 divide 2257766810?
True
Does 152 divide 7923094?
False
Is 212920375 a multiple of 3365?
True
Does 10 divide 12335190?
True
Is 414181368 a multiple of 330?
False
Is 18 a factor of 71853470?
False
Is 99733752 a multiple of 6?
True
Is 58 a factor of 1058910060?
True
Is 514099215 a multiple of 77?
False
Is 18999600 a multiple of 50?
True
Is 125 a factor of 26268750?
True
Is 1273325540 a multiple of 23?
True
Is 555 a factor of 49059706?
False
Is 2475 a factor of 73509581?
False
Is 159651706 a multiple of 5981?
False
Is 14763338 a multiple of 605?
False
Does 143 divide 329745273?
True
Does 64 divide 1098647453?
False
Is 440855586 a multiple of 5979?
True
Is 18 a factor of 11357406?
True
Is 503600323 a multiple of 751?
True
Is 4 a factor of 27665608?
True
Does 14 divide 521610332?
False
Is 11 a factor of 43044595?
True
Is 141 a factor of 318275553?
False
Is 663231796 a multiple of 4208?
False
Is 23 a factor of 1564900342?
False
Is 34 a factor of 248132714?
True
Is 146 a factor of 242556516?
True
Does 246 divide 471374868?
True
Is 12554137 a multiple of 7?
False
Does 1010 divide 324450380?
True
Is 54 a factor of 50695092?
True
Is 64965912 a multiple of 10?
False
Does 27 divide 65986866?
True
Is 12599042 a multiple of 15?
False
Does 13 divide 2235529?
False
Is 92 a factor of 1229120?
True
Does 3168 divide 4355648457?
False
Is 60 a factor of 145274821?
False
Is 882 a factor of 2711508786?
True
Does 10 divide 1647986088?
False
Is 71881296 a multiple of 112?
False
Does 7 divide 27348531?
True
Is 205 a factor of 51344558?
False
Is 18 a factor of 375618294?
True
Is 112197261 a multiple of 4191?
True
Is 61304672 a multiple of 35?
False
Is 8873554 a multiple of 32?
False
Does 73 divide 33713561?
False
Is 39807867 a multiple of 15?
False
Is 556473072 a multiple of 1724?
False
Does 329 divide 639230372?
False
Is 5 a factor of 109220220?
True
Does 934 divide 59317406?
True
Is 20 a factor of 1150180380?
True
Does 144 divide 17129272?
False
Is 32869408 a multiple of 350?
False
Does 95 divide 7220?
True
Is 3320 a factor of 442261424?
False
Is 52 a factor of 10109685?
False
Is 7590323 a multiple of 1116?
False
Does 226 divide 31249897?
False
Is 188635761 a multiple of 10?
False
Does 1418 divide 10162806?
True
Is 62 a factor of 79438059?
False
Does 62 divide 406754162?
True
Is 8951357 a multiple of 41?
False
Is 352252008 a multiple of 2141?
False
Is 54901678 a multiple of 1079?
True
Does 99 divide 18079370?
False
Is 79 a factor of 1045881?
True
Is 67354130 a multiple of 8?
False
Does 1373 divide 6897952?
True
Does 97 divide 371966385?
True
Is 1321 a factor of 59047721?
False
Is 355990479 a multiple of 19?
True
Does 3319 divide 2229027124?
True
Is 30 a factor of 125268022?
False
Is 1824155505 a multiple of 2295?
True
Does 81 divide 3909141?
True
Is 404377851 a multiple of 12?
False
Is 394646572 a multiple of 565?
False
Is 7671453 a multiple of 6?
False
Is 1235 a factor of 433409665?
True
Is 50892987 a multiple of 59?
True
Does 76 divide 12814436?
True
Is 2575 a factor of 147143225?
True
Does 132 divide 469980501?
False
Does 987 divide 3645488448?
True
Is 65861258 a multiple of 1406?
True
Is 7 a factor of 58937038?
False
Is 182020413 a multiple of 70?
False
Does 2 divide 6538533?
False
Is 217 a factor of 7431329?
False
Is 10576934 a multiple of 709?
False
Is 8 a factor of 8202578?
False
Is 61689558 a multiple of 21?
True
Is 46425849 a multiple of 13?
False
Is 58 a factor of 34252944?
True
Is 965 a factor of 36150448?
False
Is 261 a factor of 53262270?
True
Does 3159 divide 1491079590?
True
Is 5 a factor of 113390426?
False
Is 118 a factor of 16148418?
True
Does 2 divide 93498354?
True
Is 4 a factor of 2565182?
False
Is 292 a factor of 766409772?
True
Does 6 divide 825725754?
True
Is 1421 a factor of 679346086?
False
Does 8 divide 1496442?
False
Is 953 a factor of 520773521?
True
Is 1340340331 a multiple of 43?
False
Is 24170232 a multiple of 6?
True
Does 2186 divide 276120358?
False
Is 4781799722 a multiple of 4529?
True
Is 86 a factor of 40836068?
True
Is 4990690745 a multiple of 36?
False
Is 2602625 a multiple of 490?
False
Is 2502 a factor of 599244012?
True
Is 922191828 a multiple of 579?
True
Does 95 divide 2377290632?
False
Is 699377004 a multiple of 3708?
True
Is 137 a factor of 9206211?
False
Is 5712822 a multiple of 54?
True
Does 495 divide 1176672563?
False
Is 11115806 a multiple of 13?
True
Is 21300960 a multiple of 40?
True
Is 52 a factor of 45888544?
True
Is 15689809 a multiple of 94?
False
Is 2 a factor of 16961676?
True
Does 180 divide 4335628?
False
Is 2506533 a multiple of 3?
True
Is 1021379814 a multiple of 9?
True
Does 1627 divide 449125939?
False
Is 3 a factor of 16637244?
True
Is 13 a factor of 739609013?
True
Is 39159695 a multiple of 47?
True
Does 93 divide 122616460?
False
Does 283 divide 9730052?
False
Is 461317020 a multiple of 30?
True
Is 635757480 a multiple of 8?
True
Does 3417 divide 3916992921?
False
Does 1471 divide 389935622?
True
Is 33649086 a multiple of 47?
True
Does 4242 divide 126031179?
False
Is 85 a factor of 1310688760?
False
Does 5 divide 39251365?
True
Is 311833423 a multiple of 19?
False
Does 901 divide 6159236?
True
Does 457 divide 36259570?
False
Is 151 a factor of 478519?
True
Is 1492 a factor of 27614593?
False
Does 2 divide 46568618?
True
Is 425598355 a multiple of 9?
False
Does 92 divide 2501981039?
False
Is 18008276 a multiple of 26?
True
Is 77770042 a multiple of 14?
True
Is 272887841 a multiple of 766?
False
Is 456 a factor of 289912132?
False
Is 135 a factor of 690235776?
False
Is 862553766 a multiple of 8796?
False
Does 3 divide 204344534?
False
Is 65300969 a multiple of 503?
True
Does 4514 divide 1022235926?
True
Is 817302824 a multiple of 29?
True
Is 16 a factor of 266709888?
True
Does 136 divide 224833024?
True
Does 12 divide 1140676211?
False
Is 9628503 a multiple of 67?
True
Does 139 divide 62443584?
False
Is 66970442 a multiple of 154?
True
Does 7 divide 71620444?
True
Is 38362983 a multiple of 18?
False
Is 193 a factor of 243218418?
False
Is 88225600 a multiple of 670?
True
Is 1477226616 a multiple of 676?
False
Is 5 a factor of 577443562?
False
Is 2404 a factor of 369387740?
False
Is 4384 a factor of 95334464?
True
Does 854 divide 117974976?
True
Is 283 a factor of 33995658?
True
Is 1471 a factor of 209234?
False
Is 548790918 a multiple of 508?
False
Does 3464 divide 175209120?
True
Is 89970551 a multiple of 15?
False
Is 565 a factor of 132872745?
True
Is 151 a factor of 14515015?
False
Is 75581843 a multiple of 53?
False
Does 8 divide 161163584?
True
Is 388 a factor of 9698080?
False
Does 972 divide 514086930?
False
Is 6405489 a multiple of 16?
False
Is 91 a factor of 2556331?
False
Is 276 a factor of 474355680?
True
Does 398 divide 589081068?
False
Is 1411 a factor of 3251718639?
True
Does 4 divide 736816?
True
Is 297409408 a multiple of 16?
True
Is 21228750 a multiple of 1275?
True
Is 832240138 a multiple of 126?
False
Is 214 a factor of 454607262?
True
Is 379695901 a multiple of 14?
False
Is 335 a factor of 35602115?
False
Is 92 a factor of 1000476908?
True
Does 57 divide 64165926?
True
Is 1070335124 a multiple of 2629?
False
Does 19 divide 98828612?
False
Is 940891250 a multiple of 625?
True
Is 44 a factor of 1448258020?
True
Is 58185463 a multiple of 87?
False
Does 360 divide 348697413?
False
Is 39468651 a multiple of 357?
False
Does 7783 divide 2309371760?
True
Is 1428 a factor of 57231384?
True
Does 29 divide 263177523?
True
Does 529 divide 70238504?
True
Is 20445107 a multiple of 941?
True
Is 476507148 a multiple of 54?
False
Does 19 divide 711498219?
False
Is 48 a factor of 327510295?
False
Is 39 a factor of 107437379?
False
Does 2 divide 54279841?
False
Does 281 divide 16385842?
False
Is 22 a factor of 77635648?
False
Is 11 a factor of 32417968?
True
Does 5 divide 1302739370?
True
Is 109 a factor of 110812041?
False
